{"id":866,"date":"2025-10-01T06:39:20","date_gmt":"2025-10-01T06:39:20","guid":{"rendered":"https:\/\/tt.utu.fi\/sweng\/?page_id=866"},"modified":"2025-10-21T06:30:11","modified_gmt":"2025-10-21T06:30:11","slug":"ymparisto-ok-environmentally-sustainable-software-criteria-for-ict-procurement","status":"publish","type":"page","link":"https:\/\/tt.utu.fi\/sweng\/ymparisto-ok-environmentally-sustainable-software-criteria-for-ict-procurement\/","title":{"rendered":"Environment OK &#8211; Environmentally sustainable software criteria for ICT procurement"},"content":{"rendered":"\n<figure class=\"wp-block-image size-large\"><img loading=\"lazy\" decoding=\"async\" width=\"1024\" height=\"536\" src=\"https:\/\/tt.utu.fi\/sweng\/wp-content\/uploads\/sites\/19\/2025\/09\/Ymparisto-OK_hankekuva_1200x628-1024x536.png\" alt=\"\" class=\"wp-image-864\" srcset=\"https:\/\/tt.utu.fi\/sweng\/wp-content\/uploads\/sites\/19\/2025\/09\/Ymparisto-OK_hankekuva_1200x628-1024x536.png 1024w, https:\/\/tt.utu.fi\/sweng\/wp-content\/uploads\/sites\/19\/2025\/09\/Ymparisto-OK_hankekuva_1200x628-300x157.png 300w, https:\/\/tt.utu.fi\/sweng\/wp-content\/uploads\/sites\/19\/2025\/09\/Ymparisto-OK_hankekuva_1200x628-768x402.png 768w, https:\/\/tt.utu.fi\/sweng\/wp-content\/uploads\/sites\/19\/2025\/09\/Ymparisto-OK_hankekuva_1200x628.png 1200w\" sizes=\"auto, (max-width: 1024px) 100vw, 1024px\" \/><\/figure>\n\n\n\n<div class=\"wp-block-columns\">\n<div class=\"wp-block-column\" style=\"flex-basis:66.66%\">\n<p>The aim of the Environment OK project is to reduce the negative environmental impact of the software industry by developing and implementing environmentally friendly software procurement criteria. The main goal of the project is to ensure that these criteria are adopted in both public and private software procurement.<\/p>\n\n\n\n<p>This goal will be aimed for by updating the software procurement criteria developed in the previous <a href=\"https:\/\/tieke.fi\/hankkeet\/mittarit-vihrean-digitalisaation-hankintoihin\/\">MitViDi project<\/a> <a href=\"https:\/\/kriteeripankki.fi\/t\/54\">Motiva\u2019s criteria bank<\/a> and expanding them to cover new areas such as artificial intelligence, data-intensive systems, and positive handprint effects. The end result will be a comprehensive and practical set of criteria that supports environmentally responsible software procurement in Finland in both the public and private sectors. All development work is carried out in close cooperation with software companies and procurement experts.<\/p>\n\n\n\n<p>The project provides concrete support to organizations by offering training, webinars, self-study materials, and assistance in preparing and implementing sustainable software procurement. With these resources, more organizations can utilize the criteria in their own procurements. In Southwest Finland, training is marketed specifically to public procurement units and companies in the health technology, maritime, food, and pharmaceutical industries.<\/p>\n<\/div>\n\n\n\n<div class=\"wp-block-column\" style=\"flex-basis:33.33%\">\n<p><strong>Project duration<\/strong>:<br>1.4.2025 \u2013 31.3.2027<\/p>\n\n\n\n<p><strong>Project funding:<\/strong><br>Co-funded by the European Regional Development Fund (ERDF)<br>P\u00e4ij\u00e4t-H\u00e4me Regional Council<br>Southwest Finland Regional Council<br>H\u00e4me Regional Council<br>South Karelia Regional Council<\/p>\n<\/div>\n<\/div>\n\n\n\n<h2 class=\"wp-block-heading\">Bringing energy efficiency and environmental responsibility to software markets<\/h2>\n\n\n\n<p>The project promotes energy efficiency and environmental considerations in software procurement and development. The actions target software procurement in both the private and public sectors, particularly in the provinces of Southwest Finland, P\u00e4ij\u00e4t-H\u00e4me, Kanta-H\u00e4me, and South Karelia.<\/p>\n\n\n\n<p>The primary target group for the project is companies that develop and supply software and want to respond to their customers\u2019 growing environmental requirements. The project will particularly benefit companies that are just starting out on the path to sustainable software development and want to develop competitive but more environmentally friendly solutions.<\/p>\n\n\n\n<p>In addition, the project also supports organizations that purchase software, such as municipalities, government agencies, and private sector operators, where consideration of environmental impacts is a key part of decision-making.<\/p>\n\n\n\n<h2 class=\"wp-block-heading\">Project partners<\/h2>\n\n\n\n<p>The Environment OK project is being implemented as a joint project coordinated by the University of Turku, with the participation of <a href=\"https:\/\/www.turkuamk.fi\/projekti\/ymparisto-ok-ict-hankintojen-ymparistokestavat-ohjelmistokriteerit\/\">Turku University of Applied Sciences<\/a>, <a href=\"https:\/\/www.lut.fi\/fi\/projektit\/ymparisto-ok\">LUT University<\/a> and <a href=\"https:\/\/tieke.fi\/hankkeet\/green-ict-ymparisto-ok\/\">TIEKE<\/a>.<\/p>\n\n\n\n<h2 class=\"wp-block-heading\">Project funding<\/h2>\n\n\n\n<p>The project is co-funded by the European Regional Development Fund (ERDF). Funding has been granted through the P\u00e4ij\u00e4t-H\u00e4me Regional Council, the Southwest Finland Regional Council, the H\u00e4me Regional Council, and the South Karelia Regional Council.<\/p>\n\n\n\n<h2 class=\"wp-block-heading\">Additional information<\/h2>\n\n\n\n<p><a href=\"https:\/\/tt.utu.fi\/sweng\/ymparisto-ok-ict-hankintojen-ymparistokestavat-ohjelmistokriteerit\/\">Project page in Finnish<\/a><\/p>\n\n\n\n<p><a href=\"https:\/\/tieke.fi\/hankkeet\/green-ict-ymparisto-ok\/\">Project main page at TIEKE\u2019s portal<\/a><\/p>\n\n\n\n<p><a href=\"https:\/\/greenict.fi\/en\/etusivu-english\/\">Green ICT portal<\/a><\/p>\n\n\n\n<h2 class=\"wp-block-heading\">Contact us<\/h2>\n\n\n\n<p><a href=\"https:\/\/tt.utu.fi\/sweng\/contact\/#tusuma\">Tuomas M\u00e4kil\u00e4<\/a><br>Associate professor<br><a href=\"mailto:tusuma@utu.fi\">tusuma@utu.fi<\/a><\/p>\n\n\n\n<p><a href=\"https:\/\/tt.utu.fi\/sweng\/contact\/#jmjmak\" data-type=\"link\" data-id=\"https:\/\/tt.utu.fi\/sweng\/contact\/#jmjmak\">Jari-Matti M\u00e4kel\u00e4<\/a><br>University teacher<br><a href=\"mailto:jmjmak@utu.fi\">jmjmak@utu.fi<\/a><\/p>\n","protected":false},"excerpt":{"rendered":"<div class=\"entry-summary\">\nThe aim of the Environment OK project is to reduce the negative environmental impact of the software industry by developing and implementing environmentally friendly software procurement criteria. The main goal of the project is to ensure that these criteria are&hellip;\n<\/div>\n<div class=\"link-more\"><a href=\"https:\/\/tt.utu.fi\/sweng\/ymparisto-ok-environmentally-sustainable-software-criteria-for-ict-procurement\/\" class=\"more-link\">Continue reading<span class=\"screen-reader-text\"> &ldquo;Environment OK &#8211; Environmentally sustainable software criteria for ICT procurement&rdquo;<\/span>&hellip;<\/a><\/div>\n","protected":false},"author":749,"featured_media":0,"parent":0,"menu_order":0,"comment_status":"closed","ping_status":"closed","template":"","meta":{"_acf_changed":false,"footnotes":""},"class_list":["post-866","page","type-page","status-publish","hentry","entry"],"acf":[],"_links":{"self":[{"href":"https:\/\/tt.utu.fi\/sweng\/wp-json\/wp\/v2\/pages\/866","targetHints":{"allow":["GET"]}}],"collection":[{"href":"https:\/\/tt.utu.fi\/sweng\/wp-json\/wp\/v2\/pages"}],"about":[{"href":"https:\/\/tt.utu.fi\/sweng\/wp-json\/wp\/v2\/types\/page"}],"author":[{"embeddable":true,"href":"https:\/\/tt.utu.fi\/sweng\/wp-json\/wp\/v2\/users\/749"}],"replies":[{"embeddable":true,"href":"https:\/\/tt.utu.fi\/sweng\/wp-json\/wp\/v2\/comments?post=866"}],"version-history":[{"count":4,"href":"https:\/\/tt.utu.fi\/sweng\/wp-json\/wp\/v2\/pages\/866\/revisions"}],"predecessor-version":[{"id":875,"href":"https:\/\/tt.utu.fi\/sweng\/wp-json\/wp\/v2\/pages\/866\/revisions\/875"}],"wp:attachment":[{"href":"https:\/\/tt.utu.fi\/sweng\/wp-json\/wp\/v2\/media?parent=866"}],"curies":[{"name":"wp","href":"https:\/\/api.w.org\/{rel}","templated":true}]}}