{"id":815,"date":"2025-05-09T07:50:33","date_gmt":"2025-05-09T07:50:33","guid":{"rendered":"https:\/\/tt.utu.fi\/sweng\/?page_id=815"},"modified":"2026-04-01T13:34:43","modified_gmt":"2026-04-01T13:34:43","slug":"visiiri-vihrean-siirtyman-ict-ekosysteemi","status":"publish","type":"page","link":"https:\/\/tt.utu.fi\/sweng\/visiiri-vihrean-siirtyman-ict-ekosysteemi\/","title":{"rendered":"Visiiri &#8211; Vihre\u00e4n siirtym\u00e4n ICT-ekosysteemi"},"content":{"rendered":"\n<figure class=\"wp-block-image size-large\"><img loading=\"lazy\" decoding=\"async\" width=\"1024\" height=\"585\" src=\"https:\/\/tt.utu.fi\/sweng\/wp-content\/uploads\/sites\/19\/2024\/03\/DALL\u00b7E-2024-03-20-14.50.15-Generate-a-photorealistic-image-focusing-on-a-medium-shot-of-a-PC-computer-in-the-middle-of-a-beautiful-green-field-with-the-morning-sunlight-shining-1-1024x585.jpg\" alt=\"\" class=\"wp-image-677\" srcset=\"https:\/\/tt.utu.fi\/sweng\/wp-content\/uploads\/sites\/19\/2024\/03\/DALL\u00b7E-2024-03-20-14.50.15-Generate-a-photorealistic-image-focusing-on-a-medium-shot-of-a-PC-computer-in-the-middle-of-a-beautiful-green-field-with-the-morning-sunlight-shining-1-1024x585.jpg 1024w, https:\/\/tt.utu.fi\/sweng\/wp-content\/uploads\/sites\/19\/2024\/03\/DALL\u00b7E-2024-03-20-14.50.15-Generate-a-photorealistic-image-focusing-on-a-medium-shot-of-a-PC-computer-in-the-middle-of-a-beautiful-green-field-with-the-morning-sunlight-shining-1-300x171.jpg 300w, https:\/\/tt.utu.fi\/sweng\/wp-content\/uploads\/sites\/19\/2024\/03\/DALL\u00b7E-2024-03-20-14.50.15-Generate-a-photorealistic-image-focusing-on-a-medium-shot-of-a-PC-computer-in-the-middle-of-a-beautiful-green-field-with-the-morning-sunlight-shining-1-768x439.jpg 768w, https:\/\/tt.utu.fi\/sweng\/wp-content\/uploads\/sites\/19\/2024\/03\/DALL\u00b7E-2024-03-20-14.50.15-Generate-a-photorealistic-image-focusing-on-a-medium-shot-of-a-PC-computer-in-the-middle-of-a-beautiful-green-field-with-the-morning-sunlight-shining-1-1536x878.jpg 1536w, https:\/\/tt.utu.fi\/sweng\/wp-content\/uploads\/sites\/19\/2024\/03\/DALL\u00b7E-2024-03-20-14.50.15-Generate-a-photorealistic-image-focusing-on-a-medium-shot-of-a-PC-computer-in-the-middle-of-a-beautiful-green-field-with-the-morning-sunlight-shining-1.jpg 1792w\" sizes=\"auto, (max-width: 1024px) 100vw, 1024px\" \/><\/figure>\n\n\n\n<div class=\"wp-block-columns\">\n<div class=\"wp-block-column\" style=\"flex-basis:66.66%\">\n<p class=\"has-background\" style=\"background-color:#dcddde\">Visiiri &#8211; <br>Vihre\u00e4n siirtym\u00e4n ICT-ekosysteemi<em><br>1.4.2024\u201331.3.2026<\/em> <em>(2 vuotta)<br><\/em>Euroopan aluekehitysrahasto (EAKR)<em><br>Budjetti TY: 165 000 \u20ac<\/em><\/p>\n<\/div>\n\n\n\n<div class=\"wp-block-column\" style=\"flex-basis:33.33%\"><div class=\"wp-block-image\">\n<figure class=\"aligncenter size-full\"><img loading=\"lazy\" decoding=\"async\" width=\"746\" height=\"569\" src=\"https:\/\/tt.utu.fi\/sweng\/wp-content\/uploads\/sites\/19\/2024\/11\/Visiiiri-logo.png\" alt=\"\" class=\"wp-image-764\" srcset=\"https:\/\/tt.utu.fi\/sweng\/wp-content\/uploads\/sites\/19\/2024\/11\/Visiiiri-logo.png 746w, https:\/\/tt.utu.fi\/sweng\/wp-content\/uploads\/sites\/19\/2024\/11\/Visiiiri-logo-300x229.png 300w\" sizes=\"auto, (max-width: 746px) 100vw, 746px\" \/><\/figure>\n<\/div><\/div>\n<\/div>\n\n\n\n<p>Visiiri-hankkeen tavoitteena on edist\u00e4\u00e4 Euroopan unionin kaksoissiirtym\u00e4\u00e4 keskittyen erityisesti yliopistojen sek\u00e4 tutkimuslaitosten ja yritysten v\u00e4lisen TKI-yhteisty\u00f6n tehostamiseen vihre\u00e4n ICT:n alalla. Vihre\u00e4n ICT:n kaksi p\u00e4\u00e4aluetta ovat 1) ilmastonmuutoksen ehk\u00e4isy ja sopeutuminen sek\u00e4 2) kiertotalouden kehitt\u00e4misen edist\u00e4minen. Ilmastonmuutoksen ehk\u00e4isyn kannalta energiatehokkuus on ICT-alan t\u00e4rkein jalanj\u00e4ljen mittari. Vastaavasti ICT:n k\u00e4denj\u00e4lki vaikuttaa energiatehokkuuteen ja p\u00e4\u00e4st\u00f6ihin liikenne-, logistiikka-, rakennus- ja valmistusalalla.<\/p>\n\n\n\n<p>ICT-alan positiiviset vaikutukset \u2013 eli tietotekniikan avulla saavutetut parannukset energiatehokkuudessa, p\u00e4\u00e4st\u00f6v\u00e4hennyksiss\u00e4 ja ymp\u00e4rist\u00f6kuormituksen kevent\u00e4misess\u00e4 \u2013 ovat tutkimus- ja innovointiyhteisty\u00f6n kohteena. Tavoitteena on kehitt\u00e4\u00e4 malli, jolla voidaan arvioida ICT:n my\u00f6nteisi\u00e4 vaikutuksia eri toimialoilla, kuten energiantuotannossa, maataloudessa, liikenteess\u00e4, logistiikassa, rakentamisessa sek\u00e4 valmistus- ja korjausteollisuudessa, kansainv\u00e4lisesti hyv\u00e4ksyttyjen arviointiperiaatteiden mukaisesti.<\/p>\n\n\n\n<p>Hankkeessa luodaan itseopiskelua varten koulutussis\u00e4lt\u00f6\u00e4, joka sis\u00e4lt\u00e4\u00e4 tietoa hankkeen tuloksista. Itseopiskelumateriaali sis\u00e4lt\u00e4\u00e4 perustietoa vihre\u00e4st\u00e4 koodauksesta ja koodin mittaamisesta, ymp\u00e4rist\u00f6n kannalta kest\u00e4vist\u00e4 verkkoteknologioista, datakeskustekniikoista ja muusta infrastruktuurista sek\u00e4 ICT-alan kest\u00e4vyydest\u00e4 yleens\u00e4. Itseopiskelumateriaali tarjoaa alan toimijoille perustiedot vihre\u00e4st\u00e4 ICT:st\u00e4.<\/p>\n\n\n\n<p>Turun yliopisto vastaa ty\u00f6paketista, jossa tunnistetaan ja kehitet\u00e4\u00e4n menetelmi\u00e4 ICT-alan ymp\u00e4rist\u00f6vaikutusten mittaamiseksi tavoitteena ICT-j\u00e4rjestelmien energiatehokkuuden parantaminen. Painopisteen\u00e4 on ICT-j\u00e4rjestelmien laitteiden virrankulutuksen systemaattinen mittaaminen ja ohjelmistokomponenttien vaikutusten mallintaminen. T\u00e4m\u00e4n ty\u00f6paketin toimet perustuvat <a href=\"https:\/\/tt.utu.fi\/sweng\/green-metrics-for-public-digitalization-acquisitions-mitvidi\/\">MitViDi-hankkeen<\/a> tuloksiin.<\/p>\n\n\n\n<h2 class=\"wp-block-heading\">Kumppanit<\/h2>\n\n\n\n<figure class=\"wp-block-image size-full\"><img loading=\"lazy\" decoding=\"async\" width=\"800\" height=\"300\" src=\"https:\/\/tt.utu.fi\/sweng\/wp-content\/uploads\/sites\/19\/2024\/11\/Lobobanneri-1_rahoittajan-logoilla_800x300.png\" alt=\"\" class=\"wp-image-763\" srcset=\"https:\/\/tt.utu.fi\/sweng\/wp-content\/uploads\/sites\/19\/2024\/11\/Lobobanneri-1_rahoittajan-logoilla_800x300.png 800w, https:\/\/tt.utu.fi\/sweng\/wp-content\/uploads\/sites\/19\/2024\/11\/Lobobanneri-1_rahoittajan-logoilla_800x300-300x113.png 300w, https:\/\/tt.utu.fi\/sweng\/wp-content\/uploads\/sites\/19\/2024\/11\/Lobobanneri-1_rahoittajan-logoilla_800x300-768x288.png 768w\" sizes=\"auto, (max-width: 800px) 100vw, 800px\" \/><\/figure>\n\n\n\n<p>Hanketta koordinoi <a href=\"https:\/\/tieke.fi\/hankkeet\/green-ict-visiiri\/\">TIEKE Tietoyhteiskunnan kehitt\u00e4miskeskus ry<\/a>, ja sit\u00e4 rahoittaa osittain Euroopan aluekehitysrahasto (EAKR) Pohjanmaan ELY-keskuksen kautta. Muita hankkeen kumppaneita ovat:<\/p>\n\n\n\n<ul class=\"wp-block-list\">\n<li><a href=\"https:\/\/www.oulu.fi\/fi\/projektit\/visiiri-vihrean-siirtyman-ict-ekosysteemi\" data-type=\"link\" data-id=\"https:\/\/www.oulu.fi\/en\">Oulun yliopisto<\/a><\/li>\n\n\n\n<li><a href=\"https:\/\/uefconnect.uef.fi\/visiiri-vihrean-siirtyman-ict-ekosysteemi\/\" data-type=\"link\" data-id=\"https:\/\/www.uef.fi\/en\">It\u00e4-Suomen yliopisto<\/a><\/li>\n\n\n\n<li><a href=\"https:\/\/www.lut.fi\/fi\/projektit\/visiiri-vihrean-siirtyman-ict-ekosysteemi\" data-type=\"link\" data-id=\"https:\/\/www.lut.fi\/en\">LUT-yliopisto<\/a><\/li>\n\n\n\n<li><a href=\"https:\/\/tivia.fi\/green-ict-visiiri\" data-type=\"link\" data-id=\"https:\/\/tivia.fi\/in-english\">TIVIA<\/a><\/li>\n<\/ul>\n\n\n\n<p>Lis\u00e4ksi monet suomalaiset ohjelmisto- ja ICT-yritykset ovat sitoutuneet osallistumaan hankkeen toimintaan.<\/p>\n\n\n\n<h2 class=\"wp-block-heading\">Lis\u00e4tiedot<\/h2>\n\n\n\n<p><a href=\"https:\/\/tt.utu.fi\/sweng\/visiiri\/\" data-type=\"page\" data-id=\"675\">Projektisivu englanniksi<\/a><\/p>\n\n\n\n<p><a href=\"https:\/\/tieke.fi\/hankkeet\/green-ict-visiiri\/\">Visiiri-hankkeen webbisivu<\/a><\/p>\n\n\n\n<p><a href=\"https:\/\/greenict.fi\/en\/etusivu-english\/\" data-type=\"link\" data-id=\"https:\/\/greenict.fi\/en\/etusivu-english\/\">Green ICT -porttaali<\/a><\/p>\n\n\n\n<p><a href=\"https:\/\/visiiri.tt.utu.fi\/lab\/\">Mittauslaboratorion tekninen dokumentaatio (englanniksi)<\/a><\/p>\n\n\n\n<p><a href=\"https:\/\/visiiri.tt.utu.fi\/powergoblin\">PowerGoblin-ty\u00f6kalun k\u00e4ytt\u00f6ohjeet (englanniksi)<\/a><\/p>\n\n\n\n<h2 class=\"wp-block-heading\">Kysy lis\u00e4\u00e4<\/h2>\n\n\n\n<p><a href=\"https:\/\/tt.utu.fi\/sweng\/contact\/#tusuma\" data-type=\"URL\" data-id=\"https:\/\/tt.utu.fi\/sweng\/contact\/#tusuma\">Tuomas M\u00e4kil\u00e4<br><\/a>Apulaisprofessori<br><a href=\"mailto:tusuma@utu.fi\">tusuma@utu.fi<\/a><\/p>\n\n\n\n<p><a href=\"https:\/\/research.utu.fi\/converis\/portal\/detail\/Person\/778381?lang=en_GB\" data-type=\"link\" data-id=\"https:\/\/research.utu.fi\/converis\/portal\/detail\/Person\/778381?lang=en_GB\">Jari-Matti M\u00e4kel\u00e4<\/a><br>Yliopisto-opettaja<br><a href=\"mailto:jmjmak@utu.fi\">jmjmak@utu.fi<\/a><\/p>\n","protected":false},"excerpt":{"rendered":"<div class=\"entry-summary\">\nVisiiri &#8211; Vihre\u00e4n siirtym\u00e4n ICT-ekosysteemi1.4.2024\u201331.3.2026 (2 vuotta)Euroopan aluekehitysrahasto (EAKR)Budjetti TY: 165 000 \u20ac Visiiri-hankkeen tavoitteena on edist\u00e4\u00e4 Euroopan unionin kaksoissiirtym\u00e4\u00e4 keskittyen erityisesti yliopistojen sek\u00e4 tutkimuslaitosten ja yritysten v\u00e4lisen TKI-yhteisty\u00f6n tehostamiseen vihre\u00e4n ICT:n alalla. Vihre\u00e4n ICT:n kaksi p\u00e4\u00e4aluetta ovat 1) ilmastonmuutoksen&hellip;\n<\/div>\n<div class=\"link-more\"><a href=\"https:\/\/tt.utu.fi\/sweng\/visiiri-vihrean-siirtyman-ict-ekosysteemi\/\" class=\"more-link\">Continue reading<span class=\"screen-reader-text\"> &ldquo;Visiiri &#8211; Vihre\u00e4n siirtym\u00e4n ICT-ekosysteemi&rdquo;<\/span>&hellip;<\/a><\/div>\n","protected":false},"author":3,"featured_media":0,"parent":0,"menu_order":0,"comment_status":"closed","ping_status":"closed","template":"","meta":{"_acf_changed":false,"footnotes":""},"class_list":["post-815","page","type-page","status-publish","hentry","entry"],"acf":[],"_links":{"self":[{"href":"https:\/\/tt.utu.fi\/sweng\/wp-json\/wp\/v2\/pages\/815","targetHints":{"allow":["GET"]}}],"collection":[{"href":"https:\/\/tt.utu.fi\/sweng\/wp-json\/wp\/v2\/pages"}],"about":[{"href":"https:\/\/tt.utu.fi\/sweng\/wp-json\/wp\/v2\/types\/page"}],"author":[{"embeddable":true,"href":"https:\/\/tt.utu.fi\/sweng\/wp-json\/wp\/v2\/users\/3"}],"replies":[{"embeddable":true,"href":"https:\/\/tt.utu.fi\/sweng\/wp-json\/wp\/v2\/comments?post=815"}],"version-history":[{"count":8,"href":"https:\/\/tt.utu.fi\/sweng\/wp-json\/wp\/v2\/pages\/815\/revisions"}],"predecessor-version":[{"id":911,"href":"https:\/\/tt.utu.fi\/sweng\/wp-json\/wp\/v2\/pages\/815\/revisions\/911"}],"wp:attachment":[{"href":"https:\/\/tt.utu.fi\/sweng\/wp-json\/wp\/v2\/media?parent=815"}],"curies":[{"name":"wp","href":"https:\/\/api.w.org\/{rel}","templated":true}]}}