{"id":745,"date":"2024-03-22T10:38:07","date_gmt":"2024-03-22T10:38:07","guid":{"rendered":"https:\/\/tt.utu.fi\/sweng\/?page_id=745"},"modified":"2024-03-22T10:38:07","modified_gmt":"2024-03-22T10:38:07","slug":"finnish-software-engineering-doctoral-research-network","status":"publish","type":"page","link":"https:\/\/tt.utu.fi\/sweng\/finnish-software-engineering-doctoral-research-network\/","title":{"rendered":"Finnish Software Engineering Doctoral Research Network"},"content":{"rendered":"\n<figure class=\"wp-block-image size-full\"><img loading=\"lazy\" decoding=\"async\" width=\"1000\" height=\"563\" src=\"https:\/\/tt.utu.fi\/sweng\/wp-content\/uploads\/sites\/19\/2024\/03\/tortorinhatut-9.jpg\" alt=\"\" class=\"wp-image-704\" srcset=\"https:\/\/tt.utu.fi\/sweng\/wp-content\/uploads\/sites\/19\/2024\/03\/tortorinhatut-9.jpg 1000w, https:\/\/tt.utu.fi\/sweng\/wp-content\/uploads\/sites\/19\/2024\/03\/tortorinhatut-9-300x169.jpg 300w, https:\/\/tt.utu.fi\/sweng\/wp-content\/uploads\/sites\/19\/2024\/03\/tortorinhatut-9-768x432.jpg 768w\" sizes=\"auto, (max-width: 1000px) 100vw, 1000px\" \/><\/figure>\n\n\n\n<div class=\"wp-block-columns\">\n<div class=\"wp-block-column\" style=\"flex-basis:66.66%\">\n<p class=\"has-background\" style=\"background-color:#dcddde\">Software Engineering Doctoral Education Pilot<br>1.8.2024 \u2013 31.12.2027<br>Ministry of Education and Culture <br>Budget 1,25M\u20ac <\/p>\n<\/div>\n\n\n\n<div class=\"wp-block-column\" style=\"flex-basis:33.33%\"><\/div>\n<\/div>\n\n\n\n<p>Finland significantly increases funding for doctoral education starting 2024. The first round of funding is for 1000 PhD positions, of which 49 positions (and 12,5M\u20ac) is allocated to the field of Software Engineering. Five of these positions are in our Software Engineering Laboratory. The positions will be filled starting 1.8.2024 or 1.1.2025.<\/p>\n\n\n\n<h2 class=\"wp-block-heading\">Key partners<\/h2>\n\n\n\n<p>The consortium consists of all of the major software engineering research groups in Finland, from Aalto, LUT, Tampere, Eastern Finland, Helsinki, Jyv\u00e4skyl\u00e4, Oulu, and \u00c5bo Akademi University. The lead is \u00c5bo Akademi.<\/p>\n\n\n\n<h2 class=\"wp-block-heading\">Additional information<\/h2>\n\n\n\n<ul class=\"wp-block-list\">\n<li><a href=\"https:\/\/sites.utu.fi\/tohtorikoulutuspilotti\/en\/software\/\">https:\/\/sites.utu.fi\/tohtorikoulutuspilotti\/en\/software\/<\/a><\/li>\n\n\n\n<li><a href=\"https:\/\/www.softwareengineering.fi\/\">https:\/\/www.softwareengineering.fi\/<\/a><\/li>\n<\/ul>\n\n\n\n<h2 class=\"wp-block-heading\">Ask more<\/h2>\n\n\n\n<p><a href=\"https:\/\/research.utu.fi\/converis\/portal\/detail\/Person\/42106775\" data-type=\"link\" data-id=\"https:\/\/research.utu.fi\/converis\/portal\/detail\/Person\/42106775\">Jaakko J\u00e4rvi<\/a><br>Professor<br><a href=\"mailto:jaakko.jarvi@utu.fi\">jaakko.jarvi@utu.fi<\/a><br>+358445260799<\/p>\n","protected":false},"excerpt":{"rendered":"<div class=\"entry-summary\">\nSoftware Engineering Doctoral Education Pilot1.8.2024 \u2013 31.12.2027Ministry of Education and Culture Budget 1,25M\u20ac Finland significantly increases funding for doctoral education starting 2024. The first round of funding is for 1000 PhD positions, of which 49 positions (and 12,5M\u20ac) is allocated&hellip;\n<\/div>\n<div class=\"link-more\"><a href=\"https:\/\/tt.utu.fi\/sweng\/finnish-software-engineering-doctoral-research-network\/\" class=\"more-link\">Continue reading<span class=\"screen-reader-text\"> &ldquo;Finnish Software Engineering Doctoral Research Network&rdquo;<\/span>&hellip;<\/a><\/div>\n","protected":false},"author":3,"featured_media":0,"parent":0,"menu_order":0,"comment_status":"closed","ping_status":"closed","template":"","meta":{"_acf_changed":false,"footnotes":""},"class_list":["post-745","page","type-page","status-publish","hentry","entry"],"acf":[],"_links":{"self":[{"href":"https:\/\/tt.utu.fi\/sweng\/wp-json\/wp\/v2\/pages\/745","targetHints":{"allow":["GET"]}}],"collection":[{"href":"https:\/\/tt.utu.fi\/sweng\/wp-json\/wp\/v2\/pages"}],"about":[{"href":"https:\/\/tt.utu.fi\/sweng\/wp-json\/wp\/v2\/types\/page"}],"author":[{"embeddable":true,"href":"https:\/\/tt.utu.fi\/sweng\/wp-json\/wp\/v2\/users\/3"}],"replies":[{"embeddable":true,"href":"https:\/\/tt.utu.fi\/sweng\/wp-json\/wp\/v2\/comments?post=745"}],"version-history":[{"count":1,"href":"https:\/\/tt.utu.fi\/sweng\/wp-json\/wp\/v2\/pages\/745\/revisions"}],"predecessor-version":[{"id":746,"href":"https:\/\/tt.utu.fi\/sweng\/wp-json\/wp\/v2\/pages\/745\/revisions\/746"}],"wp:attachment":[{"href":"https:\/\/tt.utu.fi\/sweng\/wp-json\/wp\/v2\/media?parent=745"}],"curies":[{"name":"wp","href":"https:\/\/api.w.org\/{rel}","templated":true}]}}